 (j/(-4))/(2*(-3)/(-260328)) composite?
False
Let y be (0/(0 - 5))/2. Let z(d) be the second derivative of d**5/10 - d**3/6 + 3989*d**2/2 - 47*d. Is z(y) a prime number?
True
Let k(f) = -30445*f - 617. Is k(-6) prime?
False
Suppose -49*v - 67*v + 4*v = -8146768. Is v a prime number?
True
Suppose 128*p = 126*p. Suppose 3*k = 3*q + 2361, q + 63 - 67 = p. Is k prime?
False
Suppose 44*d + 35552 = -2*b + 45*d, -2*d - 53342 = 3*b. Let f = b - -30485. Is f composite?
True
Let d(z) = z**3 - z**2 + z + 1. Let r(m) = 5*m**3 + 8*m**2 + 5*m + 20. Let k(b) = 6*d(b) - r(b). Let q be k(14). Is 320 + (1 - (2 - q)) a composite number?
True
Let o be ((-1)/(-4))/(0 - (-1)/172). Let y(x) = 6*x + 20 + o - 88 + 40 + 3*x**2. Is y(-6) a composite number?
True
Suppose 8*r - 4*r + 2*p = 99990, 4*r = 2*p + 100018. Is r a composite number?
True
Let j = -6893 - -10270. Is j composite?
True
Suppose 643518 = 6*k - 67242. Suppose k = 4*d - 0*d. Is d a composite number?
True
Let y be (84/(-72))/((-20)/(-24) + -1). Let x = 922 + -331. Suppose y*j + x = 3986. Is j a composite number?
True
Let k = -216 + 333. Let c = 143 - k. Suppose c*n - 537 = 23*n. Is n a prime number?
True
Let j = 8 + -5. Let u = 611 + -608. Suppose 0 = j*o - 2*z - 157, -216 = -u*o - o + z. Is o a prime number?
False
Let b(r) = -4*r**3 + 3*r**2 + r - 59. Is b(-18) prime?
True
Is 557013/12 - 130/(-104) a prime number?
False
Let x(a) = -33829*a**3 - 86*a**2 + 8*a + 16. Is x(-3) a composite number?
True
Let b(k) = k + 1. Let g be b(-18). Let c(n) = 28*n + 46. Let s be c(g). Let m = s - -951. Is m composite?
False
Suppose -3*s = -15*s. Let f(o) = o**2 + 2*o + 887. Is f(s) prime?
True
Let y = -4721796 - -23730921. Is (-2)/17 + y/1275 a composite number?
True
Let z = -21716 + 33014. Suppose 2*v = 8*v - z. Is v composite?
True
Is (11/2 + -5)/(2/136428)*1 composite?
True
Suppose 2*k + 891 = k. Let b = 1642 + k. Suppose -43*f = -44*f + b. Is f composite?
False
Suppose -425*z + 5334104 + 148208890 = -28277531. Is z prime?
True
Let q = -1128363 - -2101150. Is q a prime number?
True
Suppose 0 = -23*i + 24*i - 18251. Is i a composite number?
False
Let u = -25 - -30. Suppose -24 = -u*o - o. Suppose s = 2*w + 2*w - 7795, 3*w - o*s = 5843. Is w a composite number?
False
Suppose 1004*a - 1002*a - 288578 = 0. Is a prime?
True
Let u = 16088 + -5655. Is u a prime number?
True
Let u(i) = i**3 - 5*i + 1343. Let p(k) = -k**3 + 11*k**2 - 17*k - 9. Let v be p(9). Is u(v) a prime number?
False
Suppose -10 = -5*g + 4*x, -4*g + 0*x + 8 = -3*x. Is -15*g/(320/(-145) + 2) a prime number?
False
Suppose 2*v + 17 = 5*i + 11, -15 = 4*i + 5*v. Let m(s) = -s**2 + s + 38233. Let k be m(0). Suppose 11*b + 6*b - k = i. Is b a composite number?
True
Let z(f) = -15309*f**3 + 5*f**2 + 14*f + 71. Is z(-3) composite?
False
Is 5343915/35 + 12/(-126)*3 prime?
False
Suppose 7*t = -0*t - 7. Is (-12024)/(-12) + (t - -10) composite?
True
Suppose -3028992 = 12*c - 17*c + 2495113. Is c prime?
True
Suppose 34*l - 284 - 396 = 0. Suppose -t = l*t - 16527. Is t a composite number?
False
Suppose 3*k - 4*n = 88281, -4*k - 5*n + 72111 = -45566. Is k a composite number?
False
Let n(u) = 2*u**2 + 13*u + 17. Let g be n(-7). Let w be ((-3)/(-2))/((-9)/g) - -433. Suppose -8*t + 323 = -w. Is t prime?
False
Suppose -25*q + y - 10480044 = -29*q, -4*y - 10480004 = -4*q. Is q a prime number?
False
Let z(h) = 7761*h**2 + 97*h - 289. Is z(3) prime?
False
Suppose -5*a + 44583 = -4*a - 85604. Is a a prime number?
False
Let k(j) = 29844*j**2 - 199*j - 1195. Is k(-6) composite?
True
Suppose y - q = -3*q + 21, -y - 5*q + 21 = 0. Let p be 3/(-2)*(-7798)/y. Suppose -9*j = 80 - p. Is j composite?
False
Let o(z) = 69819*z**2 - 149 + 0*z - z + 4*z - 69798*z**2. Is o(15) a composite number?
False
Let q(v) = 83*v**3 + 8*v**2 - 32*v - 23. Let j be q(15). Suppose 48468 = 22*u - j. Is u a composite number?
True
Suppose 7356668 = -2058*p + 2102*p. Is p a prime number?
True
Let r(m) = 7978*m - 2273. Is r(22) prime?
False
Suppose 0 = -9*o + 40 + 59. Suppose -6*z - 1905 = -o*z. Is z composite?
True
Let c(h) = 75965*h - 3023. Is c(8) composite?
False
Suppose -u = 4*m - 3508, 0 = -3*u + 4*m - 2*m + 10496. Suppose -2*i - 1670 = -4*o + u, -3877 = -3*o + 2*i. Is o a composite number?
True
Let t(f) = f**3 - 10*f**2 + 8*f - 12. Let z be t(8). Let w be 93955/z - (-2)/8. Let n = 2122 + w. Is n a composite number?
True
Suppose -4*j + 224772 = 66*s - 62*s, -3*s = -4*j + 224800. Is j prime?
True
Is 88682 + (4/(-10))/((-194)/(-485)) a composite number?
False
Let m(g) = -10*g + 5*g + 11 - 10*g + 3 - g**2. Let d be m(-16). Is (1/d)/(-1 + 5043/5046) composite?
True
Is 0 + 509330 + (-13)/1 a prime number?
True
Let r = -787 + 1176. Let u = r + 225. Is u a composite number?
True
Let d be (-174570)/(-15) + -2 + 24/4. Let t = d + -5221. Is t composite?
False
Suppose 4*m + 11854 = 2*y, 174*m = -y + 177*m + 5929. Is y a prime number?
True
Let q(n) = n**2 - 26*n + 296869. Is q(0) composite?
True
Let n be 15*13*26/(-65). Let x = n + 93. Is -6362*(x/(-6))/5 composite?
False
Let p(k) = -120*k + 40. Let g be p(-9). Let d = g - 431. Is d prime?
False
Let k = -573 + 583. Suppose 0 = 2*o + k, d - 41357 = -d + 3*o. Is d a composite number?
True
Suppose -4*y = -2*n - 24, 3*y - 2*n - 6 = 10. Let m be y/48 + (-51)/(-18). Suppose m*t - 329 - 784 = 0. Is t prime?
False
Suppose -3*v - 37047 = -6*v. Suppose -4*s + v = -2935. Is s a prime number?
True
Suppose -244572 + 52923 = -x - 4*k, 3*x - 6*k - 574803 = 0. Is x composite?
True
Let d(m) = 5164*m**2 + 14*m + 83. Is d(-3) a composite number?
True
Suppose 5*f + 10 = -5*w, -2*f = -3*w + f + 18. Suppose -3*h + 77115 = 3*z, -3*z = -2*z - w. Is h composite?
False
Let h = -684 - -1028. Let a = 963 - h. Let b = a - 428. Is b a composite number?
False
Suppose -7*y - 3*y + 12820 = 0. Suppose 5*k + 0*k - 40 = 0. Suppose -10*v + y = -k*v. Is v composite?
False
Let i(y) = 3*y**2 + 3*y - 245. Let g = 415 - 448. Is i(g) a composite number?
True
Suppose 202*h - 54026626 - 42836359 = -15745239. Is h prime?
False
Let f = -1 - -4. Suppose -2*s - f*s + 20 = 0. Suppose s*x - 6*x = -662. Is x a prime number?
True
Let s(o) = 53*o**2 - 41*o - 1999. Is s(67) a composite number?
True
Suppose -72*j + 17301755 = 113*j. Is j a composite number?
False
Suppose -1605 + 201 = -3*n. Suppose 23 = 24*i - 313. Is i/(n/904 - 2/4) composite?
True
Suppose -3*o - 2821 = -2884. Suppose 0 = -o*d - 7*d + 171668. Is d composite?
False
Let k = 4612 - 1502. Let p = k + 371. Is p prime?
False
Is 4/((-4)/2) + 270/(-36)*-88666 composite?
True
Let x be 4/6*-21*12/(-42). Suppose -3*a + 1370 = -x*j - 1281, -4*j = 5*a - 4461. Is a a composite number?
True
Let t(i) = 4*i**2 - 8*i - 1. Suppose 0 = 5*f - 5*h - 10, -10 = f - 5*h. Is t(f) composite?
False
Let r = -344 - -334. Let u = -713 + 1297. Is (u + 2)*r/(-20) a prime number?
True
Let g = 728333 + -443714. Is g prime?
False
Let k(y) be the first derivative of -7*y**3/2 - 8*y**2 - 4*y - 9. Let c(x) be the first derivative of k(x). Is c(-7) prime?
True
Suppose -13*z + 154996 + 128092 = 0. Let p = z - -1653. Is p a composite number?
True
Let p(v) = 114862*v**2 - 75*v - 9. Is p(-2) composite?
True
Suppose 0 = 2*j - 2*x - 43668, x + 4*x = -4*j + 87318. Suppose -4*h = 3*m - j, -17*h = -20*h - 2*m + 16374. Is h prime?
False
Let v be (-1 + 30/18)*(-27 - 0). Let b be 3/v*2 + (-21950)/(-15). Is b + 1 + 5 + 3 + -11 a composite number?
True
Let q(d) = 1919*d**2 + 2*d + 1. Let s be q(-1). Let g = s - -661. Is g prime?
True
Suppose -7*h - 135956 = 185638. Let k = 83831 + h. Is k composite?
False
Let i(t) = -154*t + 21. Let l(c) = 5*c + 13. Let r be l(-4). Is i(r) a prime number?
False
Let m(v) = 578*v - 5. Is m(2) a prime number?
True
Let a = -1003 + 6051. Suppose -12*j + 8*j + a = 0. Is j composite?
True
Let u = -213 + 215. Suppose -u*f + 9820 = 18*f. Is f a prime number?
True
Let r(y) = -22*y**2 + 7*y - 67. Let o(w) = -43*w**2 + 13*w - 136. Let k(v) = 4*o(v) - 9*r(v). Is k(-11) composite?
True
Suppose -r + 6 - 2 = 0. Suppose r*l - 44 = -7*l. Suppose v + l*f - 35 = 0, 4*v - 98 = -0*v - 2*f. Is v prime?
True
Suppose 100724 = -8*w + 12*w. Suppose -15*r + w = 7376. Is r composite?
False
Let g(l) = 7*l**2 + 21*l. Let p(z) = -z**2 - z. Let d(r) = -g(r) - 6*p(r). Let c be d(-15). Is 4 + c/2 + 1045 pri